m)/(4/16)?
5
Let s(n) = 15*n**2 + 6*n - 2. Suppose -4*y = 2*j + 9 + 9, 0 = -3*j + 3*y. What is the hundreds digit of s(j)?
1
Suppose 34860 = 14*z + 21*z. What is the hundreds digit of z?
9
Suppose -l + 32 + 77 = 0. Let q = -75 + l. Suppose -4*k = n - 17, 2*k = -2*n + 4*k + q. What is the tens digit of n?
1
Suppose 4*m = 5*m + 2. Let z be (m - -1) + -2 + 3. Suppose z = y - 5*y + 4. What is the units digit of y?
1
Suppose -80*o - 3439 = -99*o. What is the hundreds digit of o?
1
Suppose 4*k + 116 = -4*z, -4 = 3*k - 13. Let j = 34 + z. What is the units digit of j?
2
Let u be 3 - (-52 + -3 + 4). Suppose 5*g - u - 86 = 0. What is the tens digit of g?
2
Let g = -477 - -864. Suppose 4*t - h = t + 231, -5*t + h + g = 0. What is the units digit of t?
8
Let s(h) = -5*h - 2. Let p be s(5). Let i be (p/(-6))/((-2)/(-16)). Suppose -3*q - q = -i. What is the units digit of q?
9
Let d(y) be the first derivative of -y**3/3 - y**2/2 + 29*y - 1. What is the units digit of d(0)?
9
Suppose -857 = -22*m + 6579. What is the units digit of m?
8
Suppose 2*p - 510 = -3*p. Let z = p + -70. Suppose w - 21 = z. What is the tens digit of w?
5
Suppose 4*h = 3*s + 2867, 7*s = -3*h + 5*s + 2129. What is the tens digit of h?
1
Let l be 12*(20/90)/(1/6). What is the units digit of 4/l - (-1341)/12?
2
Suppose -6*l + 16 = -32. Suppose -v = -l*v + 287. What is the units digit of v?
1
Let b(c) = -13*c + 1518. What is the tens digit of b(0)?
1
Let m be ((-4)/5)/(14/(-175)*5). Suppose 0 = -5*j + 4*n + 320, -7*j + 335 = -m*j - n. What is the tens digit of j?
6
Let n(o) = o**3 + 8*o**2 + 4. Let a be n(-8). Suppose 2*t + g = 7, 0*t = 5*t - a*g - 11. What is the units digit of 4*(-3)/(-2) + t?
9
Let h(l) = l**3 + 4*l**2 - l - 2. Let y be h(-4). Let b = y - 0. Suppose -b*u + 21 = -11. What is the tens digit of u?
1
Let p(i) = -i**3 + 13*i**2 + 16*i + 14. Let c be p(13). Suppose 7*w - c + 61 = 0. What is the units digit of w?
3
Suppose -13 = -7*c - 6. What is the tens digit of 25/c - (-17 - -21)?
2
Suppose 37*v - 231158 + 58257 = 0. What is the units digit of v?
3
Let s be 228/(-14) + (-2)/(-7). Let z = 7 - s. What is the units digit of z?
3
Let q(i) = 3*i**2 + 80*i - 468. What is the tens digit of q(28)?
2
Suppose 2 + 6 = i. Suppose i*c + 2267 = 603. What is the tens digit of c/(-6)*15/10?
5
Let r = -77 + 55. Let u = r + 28. What is the units digit of u?
6
Let j(g) = -g**3 + 10*g**2 + 14*g - 1. Let z be ((-6)/18)/((-2)/132). Let d = z - 11. What is the tens digit of j(d)?
3
Let o(q) be the third derivative of -q**6/120 + 3*q**5/20 - 2*q**4/3 + q**3 + 3*q**2. Let x be o(7). What is the units digit of 0 - (-2 + x/2)?
6
Let d(m) = 31*m**2 + 20*m - 84. What is the thousands digit of d(6)?
1
Let v = -1586 - -2968. What is the tens digit of v?
8
Suppose -107*i = -113*i + 4842. What is the hundreds digit of i?
8
What is the tens digit of 2253/9*60/10?
0
Suppose 3*a - 131 = -5*c + 4*c, 5*a - 20 = 0. Suppose 4*r - 1 = c. Suppose -15*v - r = -20*v. What is the units digit of v?
6
Suppose -5*t = -2*t. Suppose -3*y - 3*y + 276 = t. What is the tens digit of y?
4
Let k(j) = -57*j**3 + j. Let o be k(1). What is the tens digit of 2230/14 - (-4)/o*4?
5
Suppose j - 2*h = -j - 192, 286 = -3*j + 4*h. Let y = j + 68. Let w = y + 63. What is the units digit of w?
3
Let s = 1 + -115. Let q = -79 - s. Suppose q = j + 2. What is the units digit of j?
3
Suppose 8 = 5*j - 7. Suppose 4*i - 5*v = 35, j + 15 = 3*i - v. What is the units digit of i?
5
Suppose 175 = 2*j + 2*j + 5*x, -4*x = -2*j + 120. Let z = j - 29. What is the units digit of z?
1
What is the tens digit of (-50 - -46)*1874/(-8)?
3
Suppose -17 = -3*c + 5*h, 0 = -4*h - 0*h - 4. Let o(k) = -k**3 - c*k + 9*k - 6*k + 1 - k**2 - 5*k**3. What is the units digit of o(-2)?
7
Suppose 104*n = 103*n + 1770. What is the units digit of n?
0
Let n = 718 + -293. Suppose -4*u - 270 = -x, -4*x + 1483 - n = -5*u. What is the units digit of x?
2
Let x = 179 - 56. Let j = x - 64. Suppose 5*g - 310 = -3*i + 5*i, g - i = j. What is the tens digit of g?
6
Let u(t) = 183*t - 676. What is the units digit of u(33)?
3
Suppose -13 + 3 = 5*p. Let j be -10*p/8*2. Let v(c) = 2*c**2 - 6*c + 12. What is the tens digit of v(j)?
3
Let h(u) = 5*u - 4. Suppose 0 = -5*d + 5*b + 5, -3*b + b - 10 = -4*d. Let s be h(d). Let i(x) = x + 10. What is the units digit of i(s)?
6
Let y = -70 - -100. Suppose -5*z + 10*z - y = 0. What is the units digit of -5*(1 - (z - -4))?
5
Let p(u) = u**3 + 2*u**2 + 1625. What is the tens digit of p(0)?
2
Suppose 0*v = -2*v - 22. Let y(n) = 8*n + 16. Let b be y(v). Let u = b + 134. What is the tens digit of u?
6
Suppose -13 = -5*z - 3. Suppose 5*c + 5*l - 98 = -23, 3*c - z*l - 55 = 0. What is the units digit of c?
7
Suppose 5*a - 6*a = -1. What is the units digit of -3 + a - (339/(-3) + -4)?
5
Let n be 4/(-6) + 32/12. Suppose o + o = -n. What is the tens digit of ((-8)/(-24))/(o/(-132))?
4
Suppose -822 - 1308 = -5*j. What is the hundreds digit of j?
4
What is the units digit of -22*(-9)/(-18)*-146?
6
Suppose 8*s = s + 791. What is the tens digit of s?
1
Let l(y) = -y**3 + 11*y**2 - 8*y - 8. Let a be l(10). Let g be (-562)/(-8) - 3/a. Suppose -r = -5*z - g, -z + 3*z + 262 = 4*r. What is the units digit of r?
5
Let r = -20 + -2. Let m = r - -24. Suppose -m*d = t + t - 86, 2*t - 8 = 0. What is the tens digit of d?
3
What is the thousands digit of 11 - 3944*(-1 - 0)?
3
Suppose -2*b - b - 789 = 0. Let o = -188 - b. Suppose o = -0*n + 3*n. What is the tens digit of n?
2
Let k = 398 - 238. What is the hundreds digit of k?
1
Let l(i) = -i - 30. Let g be l(0). Let r = 42 + g. What is the units digit of r?
2
Let d = 19 + -28. Let w = 14 + d. Suppose w*i - 5*k + 10 = 0, 0 = -i + 5*k - 3*k - 5. What is the units digit of i?
1
Let x = 8360 + -5384. What is the tens digit of x?
7
Suppose -2*d - 3*d + 70 = -u, u = 3*d - 40. Let o = -14 + d. What is the units digit of o?
1
Let n(q) be the first derivative of -q**2 - 5*q + 1. Suppose 0 = -x - 2*r - 20 + 6, r = 3*x + 42. What is the units digit of n(x)?
3
Suppose 0 = 5*s - 46 - 154. Suppose -5*w + 128 = 3*h, 0 = 3*h + 2*w - 76 - s. Let p = 17 + h. What is the tens digit of p?
5
Let w = -2 - -13. Suppose -u = -61 + w. What is the units digit of u?
0
Let f be (-6)/(-27) - (-4)/(-18). Suppose -y + 32 + 116 = f. Suppose -37 = -n - k, n + 3*k = -3*n + y. What is the units digit of n?
7
Suppose m - 5*v - 10 = 12, 0 = 5*v + 20. What is the units digit of ((-116 - 2)/m)/(-1)?
9
Let v = -9 - -27. Let y be 1948/v + 6/(-27). Suppose 4*d - 20 - y = 0. What is the tens digit of d?
3
Suppose -2950 = -2*j + 37*w - 35*w, -3*w + 7335 = 5*j. What is the hundreds digit of j?
4
Let t(m) = 14*m**3 - m**2 - 16*m + 37. What is the tens digit of t(3)?
5
Let f be ((-2)/(-6))/((-1)/(-6)). Suppose -r + 18 = f*r. Let o = r + -4. What is the units digit of o?
2
Let p(u) = 2*u - 6. Let n be p(5). What is the tens digit of (2 - 0 - n*-13) + 2?
5
Suppose 17 = 2*h - 3. Let z = -4 + h. Suppose -z = -3*x + 90. What is the tens digit of x?
3
Let z(w) = 2*w**2 + 3*w - 2. Let d be z(3). Let a be d/9 - (-4)/18. Suppose h = -3*h - a*n + 248, 3*n + 165 = 3*h. What is the tens digit of h?
5
Suppose l = -0*l + 16. Let c be ((-5)/15)/(2/78). Let h = c + l. What is the units digit of h?
3
Let y(v) = -v**3 - 3*v**2 + 7*v - 1. Let a be y(-5). Let o = a - -6. What is the tens digit of 310/8 - 15/o?
3
Let r = 87 + 1010. What is the hundreds digit of r?
0
Suppose -2*p - 8*l - 657 = -3*l, -5*l = 25. Let u = -39 - p. What is the units digit of u?
7
Let f be (3 + -1)/(22/143). Let r = f + -14. Let b(l) = -39*l. What is the tens digit of b(r)?
3
Let w(k) = -2946*k - 5. What is the thousands digit of w(-1)?
2
Let z(m) = m**3 - 14*m**2 - 13*m - 17. Let o be z(15). Suppose 2*s = s + o. Suppose 0 = -2*c + s + 13. What is the tens digit of c?
1
Let y be 0/(10/(-15)*3). Suppose -5*d = -3*h - 2*d - 6, -3*d + 12 = y. Suppose 5*k - 270 = -m + h*m, 2*k - 90 = 4*m. What is the units digit of k?
5
Let m = -69 + 123. Let i = 35 + m. What is the tens digit of i?
8
Let i be 1 + 1 + -4 + -1. What is the units digit of (142/i)/((-6)/9)?
1
Let f(p) = 4*p - 1. Let w(c) = c - 10. Let q(n) = -n + 9. Let a(u) = -3*q(u) - 4*w(u). Let l be a(8). What is the tens digit of f(l)?
1
Let z = -4 - -2. Let k(